hat are the prime factors of m?
53
Suppose 9995 = 69*y - 66*y - 4*j, -j = 5*y - 16666. What are the prime factors of y?
3, 11, 101
Suppose 5*b + 228 = c, -2*b = -35 + 33. What are the prime factors of c?
233
Suppose 0 = -3*v - 2*z + 67, -v + 44 = -10*z + 15*z. Suppose v*o - 25*o + 2004 = 0. What are the prime factors of o?
2, 167
What are the prime factors of 1/((-4)/(-1924)) - (-4)/2?
3, 7, 23
List the prime factors of 6/(-10) + (-2249)/(-65).
2, 17
Let k be (-7)/(-2) - (-3)/6. Suppose -2*b = k*o - 20, 6*b = o + 2*b + 13. Suppose o*z = 3*s - 149 + 50, -5*z = 2*s - 101. List the prime factors of s.
2, 19
Let z(i) = -i**2 - 7*i - 8. Let b be z(-8). Let t(u) = -176*u - 4. Let y be t(7). List the prime factors of y/(-15) + b/40.
2, 41
Suppose 326*d - 358*d + 188192 = 0. What are the prime factors of d?
5881
Let p(b) = -5*b**3 + 13*b**2 + 5. Let j be p(5). Let s = j + 446. What are the prime factors of s?
151
Let a(t) = t**3 + 23*t**2 - 47*t + 111. List the prime factors of a(-24).
3, 13, 17
Let g(t) = t**2 - 9. Let k be g(3). Suppose -2*j + 9*j - 1176 = k. List the prime factors of j.
2, 3, 7
Suppose -5*z + 4*v + 2334 = 0, 0 = 4*z + z - 5*v - 2335. Suppose -z = -2*p - g, -4*p - 5*g - 243 = -1187. What are the prime factors of p?
3, 7, 11
Let h be 2/16*26*36 + -2. Suppose h = 3*l - 98. What are the prime factors of l?
71
Let a(z) be the third derivative of -z**4/2 + 41*z**3/6 - 10*z**2. List the prime factors of a(-10).
7, 23
Let v = -4319 - -9146. List the prime factors of v.
3, 1609
Suppose 0*f + f + 4*i = 581, 4*i + 2977 = 5*f. List the prime factors of f.
593
Let w = 200 + 77. What are the prime factors of w?
277
Suppose 2*h + 20 = 2*r, 3*r = -2*h - 2 - 3. What are the prime factors of 53 - h - (-3 - -2)?
61
Suppose -4*y + 3*x = -12748, 7*y = 4*y + x + 9561. List the prime factors of y.
3187
Suppose -15*r = -8*r - 2786. What are the prime factors of r?
2, 199
Let d be 2/(-6) - 168/(-18). Let o = 13 - d. Suppose 5*w + 6 = 5*m - o, -25 = -5*m. What are the prime factors of w?
3
Let r = 863 - 302. What are the prime factors of r?
3, 11, 17
What are the prime factors of (-1707)/((-56)/16*(-3)/(-7))?
2, 569
Let y(d) = 73*d**2 + d + 1. Let t be y(-1). Suppose 2*m - l = -t, m + 3*l + 171 = -3*m. What are the prime factors of (-162)/m - (-2)/(-13)?
2
Suppose 0 = 2*d - 113 - 9. Let o = d + -9. Suppose 30 + o = 5*s - 4*w, 2*w + 6 = 0. What are the prime factors of s?
2, 7
Let d be 5/10*(2 - 2). Suppose d = 14*w - 9*w - 250. What are the prime factors of w?
2, 5
Let s = -12 - -17. Suppose -2*q = s*x - 8, -5*x = -4*q - 17 + 3. Suppose -3*a + 122 = x*d, 5*a - d + 100 = 325. What are the prime factors of a?
2, 11
Let o(q) = q + 6. Let v be o(5). Let w(a) = -2239 + 2255 + 7*a - 4*a. List the prime factors of w(v).
7
Let h = 113 - -59. List the prime factors of h*(2 + 6/(-4)).
2, 43
Let l(k) = -k**3 - 2*k + 110 + 0 + 76 - 19. List the prime factors of l(0).
167
Let u(z) = -4*z + 5. Let p(j) = -5*j + 6. Let a(w) = -4*p(w) + 6*u(w). Let m = -89 + 84. What are the prime factors of a(m)?
2, 13
Suppose -23600 = -10*r - 10*r. List the prime factors of r.
2, 5, 59
Let m(j) = 4*j**2 - j - 2. Let u be m(3). Suppose a = u + 20. What are the prime factors of a?
3, 17
List the prime factors of 98219/88 + (-2)/16.
2, 3, 31
Let m = 18 + -14. Suppose m*k + 3*f - 11 = 0, 4*k = -5*f + 4 + 9. What are the prime factors of k?
2
Suppose -3*z + 0*z + 61 = 5*k, 5*z = 3*k + 45. Let n be ((-14)/(-21))/(2/z). Suppose 3*y + 5*d = 40 + 36, 148 = n*y - 5*d. List the prime factors of y.
2
Suppose 0 = -6*a + 95 + 85. Suppose 4*g = 10 + 2. Suppose -p - 15 = -y, -g*y - 5*p + a = -23. What are the prime factors of y?
2
Let g be (-5)/20 + (-231)/(-12). Suppose -l + 58 = -g. List the prime factors of l.
7, 11
Suppose -45*d + 48*d + 5*x + 16 = 0, -5*d = 4*x + 5. Let a be (-1 + 2)*0/1. Suppose -o - d*o + 220 = a. List the prime factors of o.
5, 11
Let r be -3*(-4)/(-66) + 2/11. List the prime factors of (4 - 2) + 71 + r + 0.
73
Suppose 1 = -6*f + 7. What are the prime factors of -4 + f/(1/16)?
2, 3
Let w = 1853 + -309. List the prime factors of w.
2, 193
Suppose -2*f + 872 = 2*j - 44, -4*j + 1822 = 2*f. List the prime factors of j.
3, 151
Let k = 42 + -38. What are the prime factors of ((-2)/(-6))/(k/108)?
3
Let s(x) = -18*x**3 - 2*x**2 + 121*x + 742. List the prime factors of s(-6).
2, 479
Let w = 38 - 43. Let q(s) = 2*s**2 + 3*s + 19. What are the prime factors of q(w)?
2, 3
Let s be ((-40)/(-16))/((-2)/(-4)). Suppose -k + 3*a = -25, -2*k + 0*k = -s*a - 46. What are the prime factors of k?
13
List the prime factors of 3/18 + 2*(-4407)/(-36).
5, 7
Let m(u) = 4*u**3 - u**2. Let q be m(1). Suppose b = -q*b. Suppose b = 5*s - 0*s - 50. What are the prime factors of s?
2, 5
Let b be (-103)/(-7) - (-8)/28. Let w = b + -15. Let r = w + 5. List the prime factors of r.
5
Let j(c) = -c**3 - 18*c**2 + 4*c + 37. What are the prime factors of j(-19)?
2, 7, 23
Let f(g) = -32*g**3 - 10*g**2 - 71*g - 21. What are the prime factors of f(-5)?
2, 1021
Suppose 4*o - 6 = 2. Suppose 2*w = 5*q - 55, -o*q = -q + 3*w + 6. What are the prime factors of q?
3
Let j(l) = 0 - 3*l + 2*l**2 + 0*l**2 - 4. Let w be j(4). What are the prime factors of 1/(-4) + 228/w?
2, 7
Let v(w) = w**2 + 17*w - 93. List the prime factors of v(27).
3, 5, 73
Let l(p) = p**3 + 3*p**2 + 2*p + 2. Suppose 0 = 16*x - 21*x + 15. What are the prime factors of l(x)?
2, 31
Let j(k) = -k**3 + 6*k**2 + 3*k + 4. Let o = 24 - 18. What are the prime factors of j(o)?
2, 11
Let v = -203 - -577. What are the prime factors of v?
2, 11, 17
Let i(o) = o**2 - 10*o + 2. Let q be i(13). Suppose -2*d = -d - q. List the prime factors of d.
41
Let v be 24/9*(-30)/(-4). Suppose 3*z + 40 = 4*z + 5*o, -5*o = -3*z + v. Suppose -d - 4*d = -z. List the prime factors of d.
3
Let h be -2 - -7 - (-6)/((-24)/4). Suppose -6*d + 20 = -2*d. Suppose d*n - 21 = h. What are the prime factors of n?
5
What are the prime factors of (((-2196)/8)/(-1))/((-14)/(-28))?
3, 61
Let w = -686 - -1431. List the prime factors of w.
5, 149
Suppose 0 = -0*l - 3*l, 28 = -a - l. Let z = 30 + a. What are the prime factors of z?
2
Suppose 16 - 196 = 4*k. Let z = 3 - k. Suppose 3*l - 219 = -z. What are the prime factors of l?
3, 19
Suppose -2*b = 2*b - 36. Suppose r = 4*s + 26 - 5, -r + b = -s. Suppose 81 + 14 = r*y. What are the prime factors of y?
19
Let r(z) = 18*z**2 - 2*z. Let j be r(1). Let i(n) = -1 + 10*n - j*n - 10*n - 20*n. What are the prime factors of i(-1)?
5, 7
Let p(z) = -12*z + 11. Let f(i) = -i. Let c(v) = -14*f(v) + 2*p(v). List the prime factors of c(-7).
2, 23
Let x(a) = 3*a**2 - 7*a - 15. Let b(j) = 13*j**2 - 27*j - 61. Let z = 13 + -11. Let i(o) = z*b(o) - 9*x(o). List the prime factors of i(10).
3
Let u(n) = -26*n + 50. Let x be u(-9). Suppose -6*a = -10*a + 4*h + x, -a = h - 77. List the prime factors of a.
2, 37
Let f be 40/(-6)*(-18)/16*2. Let r(y) = -y**3 + 17*y**2 - 15*y - 2. List the prime factors of r(f).
223
Let s be (-11 - 1 - -1) + -4. What are the prime factors of (-1356)/(-15) - s/25?
7, 13
Let j(v) = v**2 - 1. Let g be j(-1). Suppose g*s = -4*s + 180. Suppose -p = 3*t - 53, 5*p + s = 4*t - 32. What are the prime factors of t?
2, 3
Let t(s) = -s**2 - s + 49. Let y be t(0). Suppose 0 = 3*j - 23 - y. What are the prime factors of j?
2, 3
Let v be (6/(-9))/((-6)/27). Suppose v*r - 4*r = -66. What are the prime factors of r?
2, 3, 11
Suppose -27*s + 2319 = -2055. List the prime factors of s.
2, 3
Let j(s) = 3*s**2 - 4*s - 1. Let a be j(2). Let k = a - -1. Suppose -2*w + k*w = 40. What are the prime factors of w?
2, 5
Let b = -9 + 11. Let m(k) = 0 - 2*k + k**3 - 5 - 1 + b. List the prime factors of m(3).
17
Let p(j) be the second derivative of j**4/12 + 5*j**3/6 - 3*j**2 + 9*j. Let t be p(11). Suppose -6*u = -u - t. What are the prime factors of u?
2, 17
Suppose 91 = -h - 5*x, 0 = -4*h + 5*x - 27 - 462. List the prime factors of 1 + 2 + -1 - h.
2, 59
Suppose -4*c + 9 = -c. What are the prime factors of (-52)/(-8) - c/(-6)?
7
Let d(u) = u**3 - 11*u**2 + 9*u + 17. Let v be d(10). Suppose 78 = v*n + 22. Suppose -n*i + 237 = -5*i. List the prime factors of i.
79
Suppose 2*g + 3*z - 324 = 0, 3*g - 3*z = 14 + 442. Let v = g + -62. List the prime factors of v.
2, 47
Let v = -3 +